
3013
In base 15, what is 2 + -be?
-bc
In base 3, what is 2022112 - -200?
2100012
In base 5, what is -312 + 1?
-311
In base 5, what is 0 + 4241?
4241
In base 8, what is -234 + 3?
-231
In base 15, what is -3 + 230?
22c
In base 15, what is -576 - 0?
-576
In base 2, what is 110011011011001 - 0?
110011011011001
In base 11, what is 0 + -286?
-286
In base 11, what is -18 + -235?
-252
In base 7, what is -24 - -32?
5
In base 10, what is -3 + 91?
88
In base 6, what is 1055 + 5?
1104
In base 13, what is 10 + -14?
-4
In base 3, what is 211 + -100?
111
In base 12, what is -263 + 2?
-261
In base 2, what is 0 - -1001111001?
1001111001
In base 3, what is 0 - 2200?
-2200
In base 13, what is -2 + c?
a
In base 5, what is 121 - 124?
-3
In base 12, what is 262 - -3?
265
In base 14, what is 3 + -4c?
-49
In base 15, what is -283 + 0?
-283
In base 16, what is a6 - -4?
aa
In base 13, what is 12 - -131?
143
In base 8, what is 73 - -145?
240
In base 7, what is -24 + 141?
114
In base 8, what is -2 - -464?
462
In base 6, what is 11 - 30030?
-30015
In base 13, what is -93 + 38?
-58
In base 14, what is -2d + 131?
102
In base 7, what is 33 - 25?
5
In base 12, what is 1 + 2b?
30
In base 14, what is -5 - -851?
84a
In base 12, what is -1 + 155?
154
In base 16, what is 86 - -a?
90
In base 11, what is -27 - -4?
-23
In base 4, what is -2 - -32?
30
In base 15, what is -10 - -26?
16
In base 15, what is 78 + 6a?
e3
In base 12, what is 10 + 8?
18
In base 15, what is 0 + 61?
61
In base 11, what is -17a - -3?
-177
In base 5, what is -10 + 3313?
3303
In base 7, what is -3 - -55?
52
In base 6, what is 11501 - 5?
11452
In base 3, what is 1021 + 1200?
2221
In base 11, what is -125 + 28?
-a8
In base 11, what is 3 + 41?
44
In base 13, what is -10 + -2c?
-3c
In base 7, what is 116 - 121?
-2
In base 5, what is -30 - -2?
-23
In base 10, what is -69 + -2?
-71
In base 3, what is -10 + 110?
100
In base 2, what is -101000 + 10001111?
1100111
In base 8, what is 105 - 241?
-134
In base 14, what is -3 - 28?
-2b
In base 6, what is -4 - -105?
101
In base 6, what is 30353 - 3?
30350
In base 13, what is -20b3 + 3?
-20b0
In base 4, what is 10231220 + 0?
10231220
In base 4, what is 2333 - -10?
3003
In base 6, what is -3 + 103?
100
In base 3, what is 12 + -10?
2
In base 9, what is -5 + -127?
-133
In base 7, what is 3 + -513?
-510
In base 16, what is 124b + -5?
1246
In base 2, what is 10110000 - -1001?
10111001
In base 13, what is 2c + -53?
-24
In base 12, what is 2 + -b6?
-b4
In base 6, what is 142 + -2?
140
In base 9, what is -6583 - -4?
-6578
In base 13, what is -c0a - 3?
-c10
In base 2, what is 1011101 + -1101?
1010000
In base 11, what is 5 + 21?
26
In base 15, what is -4279 + -5?
-427e
In base 7, what is 15424 - -4?
15431
In base 5, what is -303313 + 10?
-303303
In base 15, what is 7 - -375?
37c
In base 6, what is -5 + 141?
132
In base 11, what is -4 - -386?
382
In base 9, what is -1 - 788?
-800
In base 6, what is 1335 - -2?
1341
In base 11, what is -133 + -63?
-196
In base 16, what is -1 - -2d?
2c
In base 7, what is -2452 - -1?
-2451
In base 3, what is -11 - -2120?
2102
In base 4, what is 0 - -201120?
201120
In base 11, what is -5 - -55?
50
In base 6, what is 0 + 1105?
1105
In base 16, what is -db - -2?
-d9
In base 3, what is 201222 + 11?
202010
In base 10, what is -7411 + -2?
-7413
In base 9, what is 12 - -45?
57
In base 11, what is -72 - 11a?
-191
In base 2, what is -1100010110 + -110?
-1100011100
In base 14, what is 8 - -2?
a
In base 6, what is -550 - 4?
-554
In base 16, what is -47 - -40?
-7
In base 6, what is 5 + 1254?
1303
In base 8, what is 0 - 3613?
-3613
In base 11, what is -1242 - -2?
-1240
In base 13, what is 7 + -31?
-27
In base 14, what is -19a1 + -4?
-19a5
In base 13, what is 4 + -c?
-8
In base 9, what is 3 + -175?
-172
In base 5, what is -1 + 141?
140
In base 3, what is 121212 - -2?
121221
In base 13, what is -16 + -366?
-37c
In base 10, what is -6 + -3?
-9
In base 13, what is 17 + 2c?
46
In base 4, what is -10 + -3011?
-3021
In base 10, what is 5 - 83?
-78
In base 15, what is a94 + -9?
a8a
In base 16, what is 3b + -2?
39
In base 16, what is 1 + 3d?
3e
In base 16, what is 40d + -3?
40a
In base 9, what is 783 - 2?
781
In base 12, what is -3 + -185?
-188
In base 5, what is -1422 + 4?
-1413
In base 4, what is -10 - -12331?
12321
In base 14, what is -8 - 9?
-13
In base 14, what is 67 - -14a?
1b3
In base 13, what is -9 - 26?
-32
In base 2, what is -1010010 + 11?
-1001111
In base 16, what is -713 - -f?
-704
In base 11, what is -75 + 4?
-71
In base 16, what is 1 - -214?
215
In base 5, what is 43 + 2301?
2344
In base 4, what is -30002 - 0?
-30002
In base 3, what is 1 - 12?
-11
In base 6, what is 1055 - -4?
1103
In base 13, what is 172 - -1?
173
In base 5, what is 4343 - 0?
4343
In base 9, what is -1 - 2084?
-2085
In base 7, what is 46050 + -4?
46043
In base 6, what is -14 - 0?
-14
In base 9, what is -705 - 13?
-718
In base 6, what is 54 - -20?
114
In base 14, what is 2364 - 5?
235d
In base 4, what is 112223 - 11?
112212
In base 5, what is -3 + -102?
-110
In base 6, what is -4 + -315?
-323
In base 12, what is 12 + -5?
9
In base 3, what is -10201 + -201?
-11102
In base 2, what is 1010101 + 11001?
1101110
In base 7, what is -2433 + -2?
-2435
In base 15, what is d + -9?
4
In base 15, what is 4 + -3?
1
In base 3, what is 1 - -102010?
102011
In base 5, what is 232002 + -1?
232001
In base 9, what is -5 + -120?
-125
In base 5, what is 4 - -23420?
23424
In base 10, what is 1 - 26?
-25
In base 9, what is 318 + -3?
315
In base 2, what is 1010 + -110110110111?
-110110101101
In base 10, what is 4 - 2326?
-2322
In base 9, what is -113 + -5?
-118
In base 15, what is -597 + -3?
-59a
In base 8, what is 5 + -300?
-273
In base 5, what is 2112 - -10?
2122
In base 11, what is -92 + -3?
-95
In base 12, what is -15 + 40?
27
In base 2, what is 110 + 1001000?
1001110
In base 15, what is b + 5?
11
In base 11, what is -51 - 103?
-154
In base 16, what is -df + 26?
-b9
In base 8, what is 1 + 135?
136
In base 13, what is 18 + -1c?
-4
In base 3, what is 10 + 2012?
2022
In base 7, what is 10 + -4125?
-4115
In base 9, what is 1446 - 18?
1427
In base 15, what is 4 - bad?
-ba9
In base 10, what is -187 + 0?
-187
In base 14, what is -125 - -3?
-122
In base 3, what is -212112 + 10?
-212102
In base 10, what is -5 - -60?
55
In base 6, what is 3 - 115?
-112
In base 5, what is 244 + 212?
1011
In base 2, what is 10 - 11110011101?
-11110011011
In base 3, what is 11 - -201211?
201222
In base 4, what is -103 - 11?
-120
In base 10, what is -240 + -26?
-266
In base 10, what is 4 + 79?
83
In base 13, what is -3 - -56?
53
In base 15, what is 15a - 5?
155
In base 11, what is 3 - 2?
1
In base 11, what is -15a4 - -6?
-1599
In base 12, what is -1 + 184?
183
In base 14, what is 4 + d3?
d7
In base 9, what is -107 + -4?
-112
In base 14, what is -146 + 5?
-141
In base 11, what is 4 + 5a?
63
In base 10, what is 4 - 223?
-219
In base 15, what is 73 - 0?
73
In base 14, what is -411 + -4?
-415
In base 12, what is 4 + 93?
97
In base 2, what is 1111 + 0?
1111
In base 12, what is -5403 - -4?
-53bb
In base 15, what is -e99 + -5?
-e9e
In base 15, what is -3c - -6b?
2e
In base 10, what is 2 - 82?
-80
In base 16, what is 3 + -8cf?
-8cc
In base 12, what is -1274 + -5?
-1279
In base 3, what is -1 - -110010?
110002
In base 6, what is -55 + 13?
-42
In base 2, what is -11011011 - 100?
-11011111
In base 4, what is 10330 - 1?
10323
In base 9, what is -124 - -52?
-62
In base 8, what is -16 + -1137?
-1155
In base 9, what is 2 - 1524?
-1522
In base 15, what is -1e + 21?
2
In base 5, what is 4133 + 21?
4204
In base 7, what is 10 + -146?
-136
In base 11, what is -2 - 88?
-8a
In base 11, what is 5 - 120?
-116
In base 4, what is -300 - -10?
-230
In base 7, what is -35 - 1?
-36
In base 4, what is 1002202 + -11?
1002131
In base 16, what is 29 + 99?
c2
In base 16, what is 1f - -17?
36
In base 5, what is -1122 - -11?
-1111
In base 13, what is -988 - -2?
-986
In base 8, what is -3 - 60?
-63
In base 14, what is 8 + -19?
-11
In base 4, what is 1000 - -11?
1011
In base 11, what is -7 - 66?
-72
In base 10, what is -445 + 5?
-440
In base 10, what is -1 - -727?
726
In base 9, what is 368 + -1?
367
In base 9, what is 2532 + -5?
2526
In base 9, what is 2 - 76?
-74
In base 8, what is -3